905 a composite number?
True
Is 22532427679 a composite number?
False
Is 820699397 prime?
False
Is 3272204069 a prime number?
True
Is 9625034899 composite?
False
Is 2470014805 composite?
True
Is 52586101 a prime number?
True
Is 14560200047 a composite number?
False
Is 23059013723 prime?
True
Is 73658179141 a prime number?
False
Is 144450761453 composite?
False
Is 194028689 a composite number?
True
Is 3784145731 a prime number?
True
Is 10451087147 prime?
True
Is 196372639 composite?
True
Is 109224839 prime?
True
Is 376257331 a composite number?
True
Is 690130321 a prime number?
False
Is 2235142421 a prime number?
False
Is 301534730873 a composite number?
False
Is 2265368327 a composite number?
True
Is 3368123963 a composite number?
True
Is 67218580045 composite?
True
Is 704186051 a composite number?
False
Is 20000557 a prime number?
False
Is 24553225981 a composite number?
True
Is 41821725083 a prime number?
True
Is 7659088739 a prime number?
True
Is 243154939 a composite number?
False
Is 110580548677 composite?
False
Is 5917229927 composite?
True
Is 74293613519 a prime number?
True
Is 122572394563 prime?
False
Is 527364521 a prime number?
True
Is 2208535937 a prime number?
True
Is 7816908331 prime?
True
Is 1497900913 a prime number?
False
Is 80898803 a composite number?
True
Is 1238969471 a composite number?
False
Is 8410202573 prime?
True
Is 189604614481 prime?
True
Is 2317618583 prime?
False
Is 36058236061 a composite number?
True
Is 3480641861 composite?
False
Is 474715193 a prime number?
False
Is 12993557881 a prime number?
False
Is 59088181589 prime?
True
Is 112402627721 composite?
False
Is 472179377 a prime number?
False
Is 9213837077 prime?
True
Is 389856979 a composite number?
False
Is 610103797 a composite number?
False
Is 2678778493 a composite number?
False
Is 96144362233 prime?
True
Is 11259405343 composite?
True
Is 1489409081 prime?
True
Is 55655322757 composite?
False
Is 48387821 a prime number?
True
Is 1939689203 a prime number?
True
Is 58479200929 prime?
True
Is 5111544143 a prime number?
True
Is 14755712401 prime?
False
Is 368425961 composite?
True
Is 1804645291 composite?
True
Is 4392494479 a prime number?
False
Is 8535617269 a prime number?
False
Is 5867135587 composite?
False
Is 12619997131 a prime number?
False
Is 49784284601 a composite number?
True
Is 3853188289 a composite number?
True
Is 29441146069 a composite number?
False
Is 785668849 a composite number?
True
Is 6287129749 prime?
True
Is 17433625799 a prime number?
False
Is 11230234733 a composite number?
False
Is 1325788889 a composite number?
True
Is 249715736731 composite?
False
Is 2096958089 a composite number?
False
Is 1450460647 composite?
True
Is 647377319 prime?
True
Is 808573673 prime?
True
Is 318870239 prime?
True
Is 49308911 composite?
False
Is 486836177 composite?
False
Is 6447332261 composite?
False
Is 9486305431 prime?
True
Is 27696559 composite?
True
Is 32481242723 prime?
True
Is 1263058787 a composite number?
False
Is 2859434951 a prime number?
True
Is 629985919 a prime number?
True
Is 393173779 a composite number?
False
Is 142855121 a composite number?
True
Is 117861309959 composite?
False
Is 43533011 prime?
False
Is 5379884867 a composite number?
True
Is 25331990549 a prime number?
True
Is 2900101291 a composite number?
False
Is 198344399 a composite number?
True
Is 9799642 a prime number?
False
Is 26846053811 prime?
True
Is 17311530179 a prime number?
True
Is 111805751977 composite?
False
Is 7818530543 composite?
False
Is 80825281519 a composite number?
True
Is 7965437 prime?
False
Is 119336039701 a composite number?
False
Is 851025023 prime?
True
Is 12206019611 a composite number?
False
Is 1607041069 composite?
False
Is 851860843 composite?
False
Is 2409649363 prime?
False
Is 111871807 a composite number?
True
Is 26450905903 composite?
False
Is 22965919489 composite?
True
Is 8588526113 composite?
False
Is 1620991751 prime?
True
Is 2992063289 composite?
True
Is 76460647231 composite?
False
Is 299082247 prime?
False
Is 19589838419 prime?
True
Is 60322751 a composite number?
True
Is 1499075026 prime?
False
Is 2365472503 a prime number?
True
Is 2836375951 a prime number?
True
Is 7702777193 a composite number?
False
Is 18578340857 composite?
True
Is 363723497 composite?
True
Is 417974413 a prime number?
False
Is 201625087393 prime?
True
Is 166053614287 a prime number?
False
Is 588573101 a prime number?
True
Is 186441989 a composite number?
False
Is 11145865301 a composite number?
False
Is 148197403 a prime number?
True
Is 36555448261 composite?
False
Is 79832371427 a composite number?
True
Is 120053149 a composite number?
False
Is 2127685241 prime?
False
Is 29086268457 a prime number?
False
Is 579808787 a composite number?
True
Is 43505071 a composite number?
False
Is 5027295341 a prime number?
False
Is 38942803 a composite number?
True
Is 24482069251 a composite number?
True
Is 14038904921 a prime number?
False
Is 8618313653 composite?
False
Is 5238075761 composite?
False
Is 114009750979 a prime number?
False
Is 941989781 a composite number?
False
Is 232581707 prime?
False
Is 2076495415 composite?
True
Is 51907983227 a prime number?
True
Is 3526639703 a composite number?
True
Is 3022423697 a composite number?
False
Is 4290194773 a prime number?
True
Is 1693662571 prime?
False
Is 1719012769 prime?
False
Is 249681335 composite?
True
Is 409589461 a composite number?
False
Is 1366931347 prime?
True
Is 9792608263 composite?
True
Is 54491948471 a composite number?
False
Is 37095624065 a composite number?
True
Is 74629071789 a prime number?
False
Is 15566771765 a prime number?
False
Is 7707941551 prime?
False
Is 211690027 composite?
False
Is 25855116563 composite?
True
Is 3052986053 prime?
False
Is 4960805177 prime?
False
Is 246834773 prime?
True
Is 723828502 a composite number?
True
Is 3990687643 composite?
True
Is 131874073 a composite number?
True
Is 125816077 prime?
True
Is 75570801749 composite?
False
Is 26558518711 a composite number?
True
Is 11894962199 a prime number?
False
Is 861935821 a composite number?
False
Is 12221265751 a prime number?
False
Is 775665746177 prime?
False
Is 56771251 composite?
True
Is 26018377637 a prime number?
False
Is 62816928247 a prime number?
True
Is 2468402477 a prime number?
False
Is 34945202587 a prime number?
True
Is 76071416185 prime?
False
Is 48415153 prime?
False
Is 5552560799 a composite number?
False
Is 848437973 prime?
True
Is 3689190811 prime?
True
Is 2048833051 a prime number?
True
Is 369031071 a composite number?
True
Is 2246057971 a prime number?
True
Is 3812174359 prime?
False
Is 3746426977 composite?
False
Is 157794431 a composite number?
False
Is 85009031671 a prime number?
True
Is 50070967 a composite number?
True
Is 13842011011 a prime number?
False
Is 251990579 composite?
False
Is 303233569 composite?
True
Is 28254535091 a composite number?
True
Is 2318256263 a composite number?
True
Is 13540964197 a composite number?
True
Is 2410217161 a prime number?
False
Is 2349061807 a composite number?
True
Is 1215494017 a prime number?
True
Is 105983402663 prime?
True
Is 1301216923 a prime number?
False
Is 23953771733 a prime number?
False
Is 52777916285 a composite number?
True
Is 7652905501 a prime number?
False
Is 38710379 prime?
True
Is 3241721501 a composite number?
True
Is 18957080117 a composite number?
True
Is 410881643 composite?
False
Is 8335939229 a composite number?
True
Is 16296242351 a composite number?
False
Is 1297260647 a composite number?
True
Is 47897468257 a composite number?
False
Is 7416766349 a composite number?
True
Is 51371799311 composite?
True
Is 1680295561 a prime number?
False
Is 891189197 composite?
True
Is 544530619 a composite number?
True
Is 15363052786 a prime number?
False
Is 151684882 prime?
False
Is 43430506351 a prime number?
False
Is 511309889 a composite number?
False
Is 4672207447 prime?
True
Is 98516297977 a prime number?
True
Is 3347546051 prime?
True
Is 122521459 a prime number?
True
Is 35588891 composite?
True
Is 58673184671 composite?
False
Is 268572721 a prime number?
True
Is 723582089 a prime number?
False
Is 6929306999 a composite number?
False
Is 403410395 composite?
True
Is 5310386317 composite?
False
Is 68590911 a prime number?
False
Is 45223541641 compos